 the second derivative of -o**4/12 + 5*o**3/6 + 7*o**2/2 - 6*o. What are the prime factors of r(5)?
7
Let v(p) = p**3 - 9*p**2 + 18*p + 11. What are the prime factors of v(8)?
7, 13
Let c(m) = -m + 2. Let q(t) = t - 3. Let r(a) = 3*c(a) + 2*q(a). Let g be r(0). Suppose -l + 15 = 5*f - 4*f, g = -3*f + 5*l + 29. List the prime factors of f.
13
Suppose 0 = -4*x + 2*x + 14. Let g(q) = -x + q + 2 + 0*q - 3*q. List the prime factors of g(-6).
7
Let q = 622 + -395. List the prime factors of q.
227
Suppose 3*a - b - 11 = -2*b, 13 = 5*a - b. Suppose 0 = a*k - 4*p + 21, -2*k - 2*p - 3*p = -9. What are the prime factors of k/((9/3)/(-6))?
2, 3
Let b(u) = u**2 + u - 3. What are the prime factors of b(-6)?
3
Let i = 13 + -8. Suppose -v + 6 = j, -v + 2 = i*j - 3*v. Suppose -l + 5*f = 1, 4*f - 6 = j. What are the prime factors of l?
3
Let u = 6 - 5. Let a = 4 - u. What are the prime factors of a?
3
Let p(w) = 38*w**2 + 2*w - 1. Let c be p(1). Suppose 0*l + 2*u = -3*l + 65, l = -5*u + c. What are the prime factors of l?
19
Suppose 4*j - 2*j = -3*c + 119, 0 = -4*j - 8. List the prime factors of c.
41
Suppose 3*c + 15 = 39. Suppose -2*o = -4*o + c. Suppose -3*r = -o*r + 6. What are the prime factors of r?
2, 3
Suppose 0 = 3*y + 2*o + 113 - 455, 0 = -4*o - 12. List the prime factors of y.
2, 29
Suppose -t + 2 = 4*v - 2, -10 = -5*v. Let f = 12 - t. List the prime factors of f.
2
Let h(l) = -l**3 - 14*l**2 - 3*l + 15. List the prime factors of h(-14).
3, 19
Let c(l) = 2 - 2 - 6 + 6*l - 3*l. What are the prime factors of c(8)?
2, 3
Let h(j) = j**2 + 10*j + 5. Let z be h(-12). Suppose v = -4*l + z, 12 = 3*l + v + 3*v. Let b = l - 5. List the prime factors of b.
3
Suppose 5*x - 156 = 54. What are the prime factors of x?
2, 3, 7
Let q(d) = -d**3 + 6*d**2 + 5*d - 1. List the prime factors of q(6).
29
What are the prime factors of (-1)/3 + (-73)/(-3)?
2, 3
Let i = -67 + 114. List the prime factors of i.
47
Let n(w) = -6*w - 15. Let u be n(13). List the prime factors of (-1)/(-4) + u/(-12).
2
Let l(k) = 12*k + 8. Let g be l(6). Suppose -16 = 4*a - g. What are the prime factors of a?
2
Let n = -21 - 9. Let o = n + 51. List the prime factors of o.
3, 7
Let k be (2 + 0)/4*14. Let p be (16 - 14)/((-4)/10). Let w = p + k. List the prime factors of w.
2
Let g(m) = 0*m**3 - 2*m + 2*m**2 + 3 + 3*m**3 - 2. Let l be g(1). Let v(n) = -n**2 + 5*n + 1. List the prime factors of v(l).
5
Let z(l) = l**3 - 3*l**2 + l - 3. Let d = 10 + -5. Let j be 4/d*(-3 - -8). List the prime factors of z(j).
17
Let b be 0 + (-1 - -1 - -4). Suppose 3*p + 6 = -9, 3*u = b*p + 74. List the prime factors of u.
2, 3
Let w(r) = -2*r**2 + r + 2. Let p be w(3). Let x = p - -30. What are the prime factors of x?
17
What are the prime factors of ((-26)/6)/(1/(-3))?
13
Let j be (1 - 0)/1*2. Suppose -2*y - 46 = -0*f - 5*f, j*y + f + 34 = 0. What are the prime factors of 1 - (y - (-2 - -2))?
19
Let o(c) = 4*c - 9. Let b be o(6). Let r = -13 + 8. Let q = r + b. What are the prime factors of q?
2, 5
Let d(s) = 10*s**2 + 2*s - 1. Let j be d(1). Let k = j - -2. List the prime factors of k.
13
Let u(o) = 15*o**2 + 2*o - 2. Let z be u(-2). Suppose -2*i - 3*n + 23 = 0, -2*n + z = 3*i - 4*n. What are the prime factors of i?
2
Let o be (0 + -1)/((-2)/14). Suppose p - 3*m - o = 2*m, 0 = -p + m + 11. List the prime factors of p.
2, 3
Suppose w - 2*q - 17 = 16, 3*q = 2*w - 69. What are the prime factors of w?
3, 13
Suppose -v = -2*v + 2*w + 11, 5*w - 20 = 0. What are the prime factors of v?
19
Let d(n) = -n**3 + 6*n**2 - 5*n. Let t be d(5). Suppose 32 = 3*m - v, t = m + 2*v + 2*v - 28. List the prime factors of m.
2, 3
Suppose -4*v - 4*f = -432, 0 = -2*v - f - 3*f + 220. List the prime factors of v.
2, 53
Let j(f) = -f**2 - 5*f - 4. Suppose -2*u + 3*u + 4 = 0. Let b be j(u). Suppose 3*i + i - 12 = b. What are the prime factors of i?
3
Suppose 2*b - 144 = -2*b. List the prime factors of b.
2, 3
Suppose 2*y - 26 = 22. Suppose y = l - 1. List the prime factors of l.
5
Let s(u) = -u**2 - 3*u + 4. Let o be s(-3). Suppose o*d = -0*d - 20. Let f = 15 + d. What are the prime factors of f?
2, 5
Let z(u) = -3 - u**2 - 3*u + 0*u**2 - 5*u - 5. List the prime factors of z(-6).
2
Let h(g) = g**2 - 5*g + 4. Let v be h(5). Suppose -3*d = 3*i + 2*i - 17, 2*i - 5*d - 13 = 0. Suppose -16 = -v*u + i. What are the prime factors of u?
5
Let k(i) = i**2 + 6*i - 7. Let s be k(-7). Suppose 0 = -2*v + 3*w - 17 - 25, s = v + 2*w + 28. Let o = -17 - v. List the prime factors of o.
7
Let c be 2/(-3) + 94/6. Suppose -2*q + 16 = 4*n, -n = -4*q - q + 18. Suppose -h - c = -q*h. List the prime factors of h.
5
List the prime factors of (-437)/(-5) + 10/(-25).
3, 29
Suppose -5*y + 24 = 3*d, -y + 3 + 12 = 4*d. Let g = y - 3. Suppose 3*v + 13 - 34 = g. What are the prime factors of v?
7
Let i = -40 + 16. Let m be (15/2)/(6/i). List the prime factors of (8/(-6))/(4/m).
2, 5
Let z(h) = -h**2 - 8*h - 2. Let k be z(-7). Suppose -3*s = -k*s - 4. List the prime factors of (s - -1) + (0 - -4).
3
Suppose -z = -6*z - 3*f + 22, -4*z - 4*f + 24 = 0. Suppose 3*i = -5*r + 11, 30 = 2*i + z*i - r. What are the prime factors of i?
7
Let q = 7 + -14. Let h = 25 + q. Suppose 2*o + 0*o - h = 0. What are the prime factors of o?
3
Let t be ((-2)/(-6))/(5/45). Suppose -t*b + 24 = -b. List the prime factors of b.
2, 3
Suppose h - 348 = -3*x + 5*h, -5*x + 557 = h. What are the prime factors of x?
2, 7
Suppose 0 = 3*r - 269 + 20. List the prime factors of r.
83
Suppose 4*h + 3*c = 2, -4*h - h - 3*c = -4. Suppose -g = 4*k + 10, -3*k + h*k = -3*g - 17. Let i = g + 10. What are the prime factors of i?
2
Suppose -3*m = -3*h - 306, -5*h - 298 = -m - 2*m. What are the prime factors of m?
2, 53
Let c(l) = -13*l + 8 + 0 - 6. List the prime factors of c(-1).
3, 5
Suppose 0*t + g = -4*t, 0 = 3*t - 3*g. Let n = -1 - t. List the prime factors of (n/3)/((-2)/18).
3
What are the prime factors of (213/(-2))/(1 - 42/24)?
2, 71
Let h(i) = -i - 2*i**2 + 0*i**2 - i**2 + 2*i**2 + 16. Let d be h(0). Suppose -k + d = -1. What are the prime factors of k?
17
Let z = 12 - 9. Suppose s + 140 = 4*j, 4 - 16 = -z*s. Suppose -4*c - 5*r + 75 = 0, 24 = 5*c - 5*r - j. What are the prime factors of c?
3, 5
Suppose -c = -3*c + 6. Let f = -1 + 4. Suppose f + 3 = c*r. What are the prime factors of r?
2
What are the prime factors of (5 + -7)/(6/(-51))?
17
Suppose -4*i = -0*i - y - 647, 4*i + 3*y - 667 = 0. What are the prime factors of i?
163
List the prime factors of 2*6/(-28) + (-342)/(-14).
2, 3
List the prime factors of 6 + -4 - (-418 + 0)/2.
211
List the prime factors of (-14832)/(-45) + (-1)/(5/(-2)).
2, 3, 5, 11
What are the prime factors of (-24)/30 + (-1 - 2039/(-5))?
2, 7, 29
What are the prime factors of -4*(81/8)/((-9)/12)?
2, 3
Let m(v) = v**3 + 8*v**2 + 6*v + 7. Let j be m(-6). Let x = -25 + j. List the prime factors of x.
2, 3
Let r(c) be the first derivative of c**4/4 - 2*c**3/3 + c**2 - 3*c + 3. What are the prime factors of r(3)?
2, 3
Suppose z - 75 = -5*t, -5*t + 6*z = 2*z - 75. Suppose -3*i + 28 = 5*g - 23, -i = -g + t. List the prime factors of g.
2, 3
Suppose -5*b - 3*c + 15 = 0, -3*b - c + 5 = -4*b. Suppose 3*u - 36 = -b*u. List the prime factors of u.
2, 3
Let u(w) = -w**3 - 8*w**2 + 6*w + 8. List the prime factors of u(-9).
5, 7
Let r(s) = -s**3 + 8*s**2 - s + 10. Let p be r(8). Suppose -5*h + p + 8 = 0. What are the prime factors of h?
2
Let a be -1 + 6/(-2) + 6. Suppose 0 = -2*g - 8, a = 3*l + 2*g - 5. What are the prime factors of l?
5
Let i(o) = o + 10. Let z be i(8). Let c = z + -10. What are the prime factors of c?
2
Suppose 20 = 5*d - 5. Suppose d*z - 5 - 5 = 0. What are the prime factors of (-1)/(-1) - (-10 + z)?
3
Suppose -21 = -4*m - 5, 0 = -3*q + 2*m + 31. List the prime factors of q.
13
Suppose 4*j + 17 = -243. Let h = -29 - j. What are the prime factors of h?
2, 3
Suppose 5*p - g - 62 = -2*g, 4*p - 5*g = 38. Suppose -6*x + x = 15, 3*r - x = p. Suppose 0 = -r*q + q + 14. What are the prime factors of q?
7
List the prime factors of 141/(-12)*(-7 - 5).
3, 47
Let m be 3 - 5 - -9 - -3. Let z = m - 1. What are the prime factors of z?
3
Suppose -t + c + 50 = 0, -2*t + 121 = -c + 19. List the prime factors of t.
2, 13
Let m be 616/18 - 20/90. List the prime factors of m - -2 - (-6)/(-2).
3, 1